f = 8*d + 30 - 1510. Calculate the highest common factor of d and 74.
37
Suppose -4*r + 55760 = 166*r. Calculate the greatest common factor of r and 697.
41
Let x = -2858 + 2893. Calculate the highest common divisor of x and 2345.
35
Let q = -102 + 130. Let o be 384/q + 2/7. Suppose 3*u + 0*u - 63 = 0. Calculate the greatest common factor of o and u.
7
Suppose 9542 - 244662 = -482*k + 3470. Let u = 11 + -15. Let s be u*(134/(-8) + 3). What is the greatest common divisor of s and k?
55
Suppose 28*g = 33*g - 5*o - 50, -4*o = -g + 4. Suppose -28*p = -1740 - 1284. What is the greatest common factor of g and p?
12
Let u be ((-56)/(-42))/((-4)/(-6)). Let x = 20 + 30. Let g = x + -42. Calculate the greatest common divisor of u and g.
2
Suppose m + 172 = -2*v + 7*v, 0 = v + 4*m - 26. Let j = 31 - v. Let c(q) = -4*q - 7. Let t be c(j). Calculate the greatest common factor of 1 and t.
1
Let l(s) = s**2 - 12*s + 2. Let w be l(7). Let y = w + 37. Suppose -5*n = 2*z - 17 - 68, 0 = y*z + 20. What is the highest common divisor of 38 and n?
19
Let r be (-8)/((-8)/101) + 14. What is the greatest common factor of r and 12420?
115
Let t be 3 - (-60 + -8)*1. Calculate the greatest common factor of 426 and t.
71
Let t be -4 + -3*(-2006)/51. What is the greatest common divisor of 18 and t?
6
Suppose -4*f = 20, f + 3*f = a - 4913. Suppose -9*o - a = 4845. Let i be o/(-18) + 3*4/(-108). Calculate the greatest common factor of i and 40.
20
Let n = -7490 + 8222. What is the highest common factor of 108 and n?
12
Let r(c) = c + 9. Let h = -8 - -13. Let s be r(h). Let n(g) = -g**3 + 14*g**2 + 4*g - 18. Let x be n(s). Calculate the highest common divisor of x and 57.
19
Suppose -36*q + 54 = -18*q. Suppose 0 = -q*a - 4*l + 5*l + 269, -2*a + 5*l = -201. Calculate the highest common divisor of a and 55.
11
Suppose -7*f = -9*f + 94. Let k = f - -30. Let y be (22*-1)/(2*(-3)/3). What is the greatest common divisor of y and k?
11
Let h be (-1)/(-2) + -10 + 9560/16. Suppose 3*z = -0*z + 12, -4*j - 2*z + h = 0. Calculate the greatest common divisor of 87 and j.
29
Let c(h) = 2*h**2 + 22*h - 4. Let g(v) = v**2 - 15*v - 178. Let s be g(23). Let k be c(s). What is the highest common divisor of k and 16?
8
Let t(w) = 38*w + 2. Suppose 5*j = z + 8 - 36, 8 = -4*j. Let h be ((-1)/3)/((-3)/z). Let v be t(h). What is the greatest common divisor of 52 and v?
26
Suppose -y = 5*d + 12, -6*y = -2*d - 33 - 23. Calculate the highest common factor of 4392 and y.
8
Suppose 0 = 4*w - 8*w - 36*w + 1080. Suppose 0*o = 5*o - 5805. Calculate the highest common factor of o and w.
27
Suppose 6*c - 2*c - 5*m = 65, -15 = -4*c - 5*m. Let g = c + -4. Suppose -g*r - 330 = -11*r. Calculate the highest common factor of 6 and r.
6
Let n = -8963 - -8972. What is the highest common divisor of n and 8577?
9
Suppose 2*h - 6 = 2. Suppose v + h*y = 0, -v + 2*y = 4*v - 22. Let t be 30*((-2)/v)/((-55)/44). What is the greatest common divisor of t and 132?
12
Let c = -6475 + 7112. Calculate the highest common divisor of 221 and c.
13
Suppose p + 0*h + 2*h - 18 = 0, 5*p - 90 = 3*h. Suppose -p = -4*x + x. Calculate the highest common factor of x and 3.
3
Suppose 107 = 4*d + 315. Let i be (84/8)/(-7)*d. Let h = -686 - -692. What is the highest common factor of h and i?
6
Suppose 3*k = 5*b + 1190, -539 = 4*k + 5*b - 2079. What is the highest common factor of k and 6110?
130
Suppose -2*n - 2*n = -u - 256, 0 = n - u - 64. Calculate the greatest common factor of 1936 and n.
16
Let w = -18 + 20. Suppose 4*c = -2*k + 204, 9*k - c - 444 = 5*k. Suppose 7*b - w*b = k. What is the greatest common factor of 2 and b?
2
Let l be (140/(-50) - -7)/((-1)/(-85)). What is the highest common divisor of l and 1547?
119
Suppose -984 + 254 = -v + 2*a, 0 = v + 3*a - 745. Calculate the highest common factor of v and 3496.
184
Let q = 275 + -227. Suppose -5*p = 4*c + c - 2655, -3*c = p - 537. What is the greatest common factor of p and q?
48
Suppose 55 = 32*z - 327 - 1922. Calculate the highest common factor of z and 1128.
24
Let n(o) = 0 + 0*o - 4 - 3*o - 1. Let z be n(-5). Suppose 2*k + 4 = -2*a - 2*a, k - 2*a = 6. What is the greatest common factor of z and k?
2
Suppose c = 5*c - 4*w - 196, 2*w = 3*c - 143. Let n = 41 - 21. Let y = 35 - n. What is the greatest common factor of c and y?
15
Let s be 3/15 + 0 + (-116)/5. Let g = s - -77. Let y be ((-90)/g)/(1/(-18)). Calculate the highest common divisor of y and 60.
30
Let x(a) = -11 - 5*a + 6*a + 5*a + 353*a**2 + 2*a + 2*a. Let p be x(1). Let w = 45 + -13. Calculate the highest common factor of p and w.
32
Let t = 74 - 68. Let s be t/(-8) - 9196/(-16). Calculate the highest common divisor of 14 and s.
14
Suppose 468800 = 335*z - 303*z. What is the greatest common factor of z and 100?
50
Suppose 0 = -3*v + 4*p - 56, 4*v + 24 = -5*p + 1. Let h be ((-2950)/(-20))/((-6)/v). Calculate the greatest common factor of h and 236.
59
Let t(m) = -26*m - 857. Let g be t(-33). What is the greatest common factor of g and 191?
1
Let c(r) = -3*r - 15. Let g(w) = -w + 10. Let d be g(7). Suppose d*i + 0*i + 27 = 0. Let l be c(i). What is the highest common factor of l and 36?
12
Let z be (0 - 4/5)/(874/(-2344505)). What is the highest common divisor of z and 232?
58
Let w = -1872 + 1908. Let a be (-2)/(-13) + 8987/143. What is the highest common divisor of w and a?
9
Let w(k) = -k**3 - 5*k**2 - 4*k - 12. Let i be w(-5). Suppose -i*l = -l - 280. Suppose -29*t - 400 = -31*t. Calculate the greatest common factor of t and l.
40
Suppose -7*z + 2*z = -250. Suppose 55*b - 60 = z*b. Calculate the highest common divisor of 78 and b.
6
Let i(n) = -308*n - 176. Let b be i(-2). What is the highest common factor of b and 704?
88
Let k = 162 - 58. Let a = 106 - k. Suppose 3*g - 4*w = 76, -52 - 1 = -a*g + 5*w. What is the highest common factor of g and 6?
6
Let t be 60/3 + -1*2. Suppose -8*y - 8*y = -192. Suppose 0 = -5*j + f + 94, -j - 2 = 2*f - y. What is the highest common divisor of t and j?
18
Suppose -40 = 5*y - 190. Let w = 54 - y. Let i(j) = 8*j**3 + 306*j**2 + 60*j - 344. Let v be i(-38). What is the highest common divisor of v and w?
24
Let h(d) = -d**3 - 8*d**2 + d + 18. Let z be h(-8). Let p = 58 - 8. Suppose -3*j + 8*j - p = 0. Calculate the highest common factor of j and z.
10
Suppose 3*g - 159 = -o, 40*o - 37*o = 2*g + 477. What is the greatest common divisor of o and 15?
3
Let s = 98 + -99. Let g be (s + (-27 - 0))*234/(-91). What is the greatest common divisor of 54 and g?
18
Suppose 5*u - 57 - 63 = 0. Let s = 3992 - 3941. Suppose 2*v - s = x + u, -v + 42 = 4*x. What is the highest common factor of 95 and v?
19
Let n be ((7*-16)/(-7) + -2)*117/9. What is the greatest common factor of 20202 and n?
182
Suppose -4*n = 2*w - 1343 + 245, -w - 4*n + 559 = 0. What is the greatest common factor of w and 3003?
77
Let q(v) = 61*v**2 - 54*v + 55. Let g be q(1). Calculate the highest common divisor of g and 1891.
31
Let j = -400 + 451. What is the highest common factor of j and 1173?
51
Suppose 425*p - 392*p - 792 = 0. What is the greatest common factor of p and 328?
8
Let m = -2905 + 2906. What is the highest common factor of m and 37?
1
Let q(r) = 9*r**2 + 52*r + 191. Let j be q(-5). Calculate the greatest common divisor of j and 1677.
39
Suppose -44*c = 11*c - 550. Calculate the highest common divisor of c and 2155.
5
Let j = -18 - -22. Let p(y) = -y**2 - j*y - 6*y - 6 + 4*y. Let g be p(-3). What is the highest common divisor of 12 and g?
3
Suppose -3*z - 5*r = -5310, 0 = 8*z - 10*z - 3*r + 3541. Calculate the highest common divisor of 25 and z.
25
Let j(o) = -27*o + 120. Let d(y) = -13*y + 59. Let n(f) = -13*d(f) + 6*j(f). Let r be n(8). Calculate the highest common divisor of r and 9.
9
Let t be 3 - (2 - 2)/(-1). Let p(h) = h**3 + 18*h**2 + 32*h + 29. Let w be p(-16). Suppose -w*z = 7*z - 432. Calculate the greatest common divisor of t and z.
3
Let y(a) = 10*a**2 + 4*a - 48. Let s(b) = 9*b**2 + 4*b - 48. Let t(c) = 7*s(c) - 6*y(c). Let g be t(-6). Calculate the highest common divisor of g and 468.
36
Suppose 0 = -5*a - o + 593, -5*o = -a - 2 + 105. Calculate the greatest common divisor of a and 10.
2
Suppose -5*w - 2430 = -o, 0 = -2*o + 239*w - 236*w + 4888. Calculate the greatest common factor of 400 and o.
50
Sup